{"id":331,"date":"2016-06-20T20:48:49","date_gmt":"2016-06-21T03:48:49","guid":{"rendered":"http:\/\/sites.evergreen.edu\/townhalls\/?page_id=331"},"modified":"2016-07-07T12:20:20","modified_gmt":"2016-07-07T19:20:20","slug":"inequality-town-hall-events","status":"publish","type":"page","link":"https:\/\/sites.evergreen.edu\/townhalls\/inequality-town-hall-events\/","title":{"rendered":"Inequality Town Hall Events"},"content":{"rendered":"<h2><\/h2>\n<h4>Fall Quarter 2014: Inequality and Student Debt<\/h4>\n<ul>\n<li>Screenings of <em>Ivory Tower<\/em> and<em> Inequality for All,\u00a0The Art of Participatory Leadership<\/em> workshop, and World Cafe Conversations Town Hall. <a href=\"http:\/\/sites.evergreen.edu\/townhalls\/inequality-town-hall-events\/inequality-and-student-debt\/\">Click here for more information.<\/a><\/li>\n<\/ul>\n<h4>Winter Quarter 2015: Inequality and Food<\/h4>\n<ul>\n<li>Food Justice Film Series including <em>Fed Up, A Place at the Table, and Food Chains,<\/em> Student Research Poster Presentations, and World Cafe Discussion. <a href=\"http:\/\/sites.evergreen.edu\/townhalls\/inequality-town-hall-events\/inequality-and-food\/\">Click here for more information.<\/a><\/li>\n<\/ul>\n<h4>Spring Quarter 2015: Inequality and Immigration<\/h4>\n<ul>\n<li>Jos\u00e9 G\u00f3mez Farmworker Justice Day featuring panel presentation with Greg Mullins and Alice Nelson honoring and remebering Jos\u00e9 G\u00f3mez, Odilia Romero from Frente Ind\u00edgena de Organizaciones Binacionales, Rosalinda Guillen from Community to Community Development, Maru Mora Villalpando from Not One More Deportation\/ North West Detention Center Resistance, and Ramon Torres president of Familias Unidas por la Justicia. Workshops included Supporting Local Struggles: How Organizations Collaborate, and Arts and Activism. <a href=\"http:\/\/sites.evergreen.edu\/townhalls\/inequality-town-hall-events\/inequality-and-immigration\/\">For more information click here.<\/a><\/li>\n<\/ul>\n<h4>Fall Quarter 2015: Building the Food Sovereignty Movement, Creating a Solidarity Economy<\/h4>\n<ul>\n<li>Panel presentation and World Cafe discussion featuring Eric Holt-Gilmenez, Executive Director of Food First, and members of Cecosesola cooperative. <a href=\"http:\/\/sites.evergreen.edu\/townhalls\/inequality-town-hall-events\/food-sovereignty\/\">Click here for more information.<\/a><\/li>\n<\/ul>\n<h4>Winter Quarter 2016: Jos\u00e9 G\u00f3mez Farmworker Justice Day<\/h4>\n<ul>\n<li>West Coast Farm Worker Movements was the emphasis of the annual Jos\u00e9 G\u00f3mez Farmworker Justice Day featuring presentations from photo journalist David Bacon, Rosalinda Guillen from Community to Community Development and Ramon Torres president of Familias Unidas. In addition to the presentations,\u00a0 Jos\u00e9 G\u00f3mez was honored, Olympia Farmwork Justice Collective led solidarity actions, and there were interactive workshops. <a href=\"http:\/\/sites.evergreen.edu\/townhalls\/inequality-town-hall-events\/jose-gomez-farm-worker-justice-day-2016\/\">For more information click here.<\/a><\/li>\n<\/ul>\n<h4>Spring Quarter 2016:<\/h4>\n","protected":false},"excerpt":{"rendered":"<p>Fall Quarter 2014: Inequality and Student Debt Screenings of Ivory Tower and Inequality for All,\u00a0The Art of Participatory Leadership workshop, and World Cafe Conversations Town Hall. Click here for more &hellip; <a href=\"https:\/\/sites.evergreen.edu\/townhalls\/inequality-town-hall-events\/\" class=\"more-link\">Continue reading <span class=\"screen-reader-text\">Inequality Town Hall Events<\/span> <span class=\"meta-nav\">&rarr;<\/span><\/a><\/p>\n","protected":false},"author":1049,"featured_media":0,"parent":0,"menu_order":0,"comment_status":"closed","ping_status":"closed","template":"","meta":{"_mi_skip_tracking":false},"_links":{"self":[{"href":"https:\/\/sites.evergreen.edu\/townhalls\/wp-json\/wp\/v2\/pages\/331"}],"collection":[{"href":"https:\/\/sites.evergreen.edu\/townhalls\/wp-json\/wp\/v2\/pages"}],"about":[{"href":"https:\/\/sites.evergreen.edu\/townhalls\/wp-json\/wp\/v2\/types\/page"}],"author":[{"embeddable":true,"href":"https:\/\/sites.evergreen.edu\/townhalls\/wp-json\/wp\/v2\/users\/1049"}],"replies":[{"embeddable":true,"href":"https:\/\/sites.evergreen.edu\/townhalls\/wp-json\/wp\/v2\/comments?post=331"}],"version-history":[{"count":0,"href":"https:\/\/sites.evergreen.edu\/townhalls\/wp-json\/wp\/v2\/pages\/331\/revisions"}],"wp:attachment":[{"href":"https:\/\/sites.evergreen.edu\/townhalls\/wp-json\/wp\/v2\/media?parent=331"}],"curies":[{"name":"wp","href":"https:\/\/api.w.org\/{rel}","templated":true}]}}

<h2></h2>
<h4>Fall Quarter 2014: Inequality and Student Debt</h4>
<ul>
<li>Screenings of <em>Ivory Tower</em> and<em> Inequality for All, The Art of Participatory Leadership</em> workshop, and World Cafe Conversations Town Hall. <a href="http://sites.evergreen.edu/townhalls/inequality-town-hall-events/inequality-and-student-debt/">Click here for more information.</a></li>
</ul>
<h4>Winter Quarter 2015: Inequality and Food</h4>
<ul>
<li>Food Justice Film Series including <em>Fed Up, A Place at the Table, and Food Chains,</em> Student Research Poster Presentations, and World Cafe Discussion. <a href="http://sites.evergreen.edu/townhalls/inequality-town-hall-events/inequality-and-food/">Click here for more information.</a></li>
</ul>
<h4>Spring Quarter 2015: Inequality and Immigration</h4>
<ul>
<li>José Gómez Farmworker Justice Day featuring panel presentation with Greg Mullins and Alice Nelson honoring and remebering José Gómez, Odilia Romero from Frente Indígena de Organizaciones Binacionales, Rosalinda Guillen from Community to Community Development, Maru Mora Villalpando from Not One More Deportation/ North West Detention Center Resistance, and Ramon Torres president of Familias Unidas por la Justicia. Workshops included Supporting Local Struggles: How Organizations Collaborate, and Arts and Activism. <a href="http://sites.evergreen.edu/townhalls/inequality-town-hall-events/inequality-and-immigration/">For more information click here.</a></li>
</ul>
<h4>Fall Quarter 2015: Building the Food Sovereignty Movement, Creating a Solidarity Economy</h4>
<ul>
<li>Panel presentation and World Cafe discussion featuring Eric Holt-Gilmenez, Executive Director of Food First, and members of Cecosesola cooperative. <a href="http://sites.evergreen.edu/townhalls/inequality-town-hall-events/food-sovereignty/">Click here for more information.</a></li>
</ul>
<h4>Winter Quarter 2016: José Gómez Farmworker Justice Day</h4>
<ul>
<li>West Coast Farm Worker Movements was the emphasis of the annual José Gómez Farmworker Justice Day featuring presentations from photo journalist David Bacon, Rosalinda Guillen from Community to Community Development and Ramon Torres president of Familias Unidas. In addition to the presentations,  José Gómez was honored, Olympia Farmwork Justice Collective led solidarity actions, and there were interactive workshops. <a href="http://sites.evergreen.edu/townhalls/inequality-town-hall-events/jose-gomez-farm-worker-justice-day-2016/">For more information click here.</a></li>
</ul>
<h4>Spring Quarter 2016:</h4>
